{"id":32,"date":"2012-04-15T10:26:12","date_gmt":"2012-04-15T08:26:12","guid":{"rendered":"http:\/\/roihuvuori.kapsi.fi\/hanami\/?page_id=32"},"modified":"2024-04-14T17:47:55","modified_gmt":"2024-04-14T15:47:55","slug":"kirsikankukinta-2010","status":"publish","type":"page","link":"https:\/\/www.roihuvuori.fi\/hanami\/kirsikankukinta\/kirsikankukinta-2010\/","title":{"rendered":"Kirsikankukinta 2010"},"content":{"rendered":"<p>Vuoden 2010 kukinnan kuvaajana oli valokuvaaja Vesa M\u00e4kinen.<\/p>\n<p>Kukinta alkoi 15.5. ja p\u00e4\u00e4ttyi 22.5.<\/p>\n\n\t\t\t<div id='gallery-32-1' class='gallery gallery-32'>\n\t\t\t\t<div class='gallery-row gallery-clear'>\n\t\t\t\t\t<dl class='gallery-item col-3'>\n\t\t\t\t\t\t<dt class='gallery-icon'><a title=\"Silmuja japanilaistyylisess\u00e4 puutarhassa 23.4.\" href='https:\/\/www.roihuvuori.fi\/hanami\/wp-content\/uploads\/2012\/04\/003kirsikat_vesa_makinen1.jpg'><img loading=\"lazy\" decoding=\"async\" width=\"150\" height=\"150\" src=\"https:\/\/www.roihuvuori.fi\/hanami\/wp-content\/uploads\/2012\/04\/003kirsikat_vesa_makinen1-150x150.jpg\" class=\"attachment-thumbnail size-thumbnail\" alt=\"\" \/><\/a><\/dt>\n\t\t\t\t\t\t<dd class='gallery-caption'>Silmuja japanilaistyylisess\u00e4 puutarhassa 23.4.<\/dd>\n\t\t\t\t\t<\/dl>\n\t\t\t\t\t<dl class='gallery-item col-3'>\n\t\t\t\t\t\t<dt class='gallery-icon'><a title=\"Japanilaista puutarhaa 23.4.\" href='https:\/\/www.roihuvuori.fi\/hanami\/wp-content\/uploads\/2012\/04\/005kirsikat_vesa_makinen_1.jpg'><img loading=\"lazy\" decoding=\"async\" width=\"150\" height=\"150\" src=\"https:\/\/www.roihuvuori.fi\/hanami\/wp-content\/uploads\/2012\/04\/005kirsikat_vesa_makinen_1-150x150.jpg\" class=\"attachment-thumbnail size-thumbnail\" alt=\"\" \/><\/a><\/dt>\n\t\t\t\t\t\t<dd class='gallery-caption'>Japanilaista puutarhaa 23.4.<\/dd>\n\t\t\t\t\t<\/dl>\n\t\t\t\t\t<dl class='gallery-item col-3'>\n\t\t\t\t\t\t<dt class='gallery-icon'><a title=\"25.4.\" href='https:\/\/www.roihuvuori.fi\/hanami\/wp-content\/uploads\/2012\/04\/006kirsikat_vesa_makinen1.jpg'><img loading=\"lazy\" decoding=\"async\" width=\"150\" height=\"150\" src=\"https:\/\/www.roihuvuori.fi\/hanami\/wp-content\/uploads\/2012\/04\/006kirsikat_vesa_makinen1-150x150.jpg\" class=\"attachment-thumbnail size-thumbnail\" alt=\"\" \/><\/a><\/dt>\n\t\t\t\t\t\t<dd class='gallery-caption'>25.4.<\/dd>\n\t\t\t\t\t<\/dl>\n\t\t\t\t<\/div>\n\t\t\t\t<div class='gallery-row gallery-clear'>\n\t\t\t\t\t<dl class='gallery-item col-3'>\n\t\t\t\t\t\t<dt class='gallery-icon'><a title=\" Silmut alkavat aukenemaan 10.5.\" href='https:\/\/www.roihuvuori.fi\/hanami\/wp-content\/uploads\/2012\/04\/008_kirsikat_vesamakinen1.jpg'><img loading=\"lazy\" decoding=\"async\" width=\"150\" height=\"150\" src=\"https:\/\/www.roihuvuori.fi\/hanami\/wp-content\/uploads\/2012\/04\/008_kirsikat_vesamakinen1-150x150.jpg\" class=\"attachment-thumbnail size-thumbnail\" alt=\"\" \/><\/a><\/dt>\n\t\t\t\t\t\t<dd class='gallery-caption'> Silmut alkavat aukenemaan 10.5.<\/dd>\n\t\t\t\t\t<\/dl>\n\t\t\t\t\t<dl class='gallery-item col-3'>\n\t\t\t\t\t\t<dt class='gallery-icon'><a title=\" 12.5. silmujen aukeamin vauhdittuu ilmojen l\u00e4metty\u00e4.\" href='https:\/\/www.roihuvuori.fi\/hanami\/wp-content\/uploads\/2012\/04\/vesa_makinen_091.jpg'><img loading=\"lazy\" decoding=\"async\" width=\"150\" height=\"150\" src=\"https:\/\/www.roihuvuori.fi\/hanami\/wp-content\/uploads\/2012\/04\/vesa_makinen_091-150x150.jpg\" class=\"attachment-thumbnail size-thumbnail\" alt=\"\" \/><\/a><\/dt>\n\t\t\t\t\t\t<dd class='gallery-caption'> 12.5. silmujen aukeamin vauhdittuu ilmojen l\u00e4metty\u00e4.<\/dd>\n\t\t\t\t\t<\/dl>\n\t\t\t\t\t<dl class='gallery-item col-3'>\n\t\t\t\t\t\t<dt class='gallery-icon'><a title=\"12.5.  l\u00e4mp\u00f6tila nousee 16 \u00b0C :seen.\" href='https:\/\/www.roihuvuori.fi\/hanami\/wp-content\/uploads\/2012\/04\/010_kirsikat_vesamakinen1.jpg'><img loading=\"lazy\" decoding=\"async\" width=\"150\" height=\"150\" src=\"https:\/\/www.roihuvuori.fi\/hanami\/wp-content\/uploads\/2012\/04\/010_kirsikat_vesamakinen1-150x150.jpg\" class=\"attachment-thumbnail size-thumbnail\" alt=\"\" \/><\/a><\/dt>\n\t\t\t\t\t\t<dd class='gallery-caption'>12.5.  l\u00e4mp\u00f6tila nousee 16 \u00b0C :seen.<\/dd>\n\t\t\t\t\t<\/dl>\n\t\t\t\t<\/div>\n\t\t\t\t<div class='gallery-row gallery-clear'>\n\t\t\t\t\t<dl class='gallery-item col-3'>\n\t\t\t\t\t\t<dt class='gallery-icon'><a title=\"Kukinta alkoi 15.5.\" href='https:\/\/www.roihuvuori.fi\/hanami\/wp-content\/uploads\/2012\/04\/011_kirsikat_vesamakinen1.jpg'><img loading=\"lazy\" decoding=\"async\" width=\"150\" height=\"150\" src=\"https:\/\/www.roihuvuori.fi\/hanami\/wp-content\/uploads\/2012\/04\/011_kirsikat_vesamakinen1-150x150.jpg\" class=\"attachment-thumbnail size-thumbnail\" alt=\"\" \/><\/a><\/dt>\n\t\t\t\t\t\t<dd class='gallery-caption'>Kukinta alkoi 15.5.<\/dd>\n\t\t\t\t\t<\/dl>\n\t\t\t\t\t<dl class='gallery-item col-3'>\n\t\t\t\t\t\t<dt class='gallery-icon'><a title=\"Kirsikankukkien kuvaajat ovat saapuneet 16.5.\" href='https:\/\/www.roihuvuori.fi\/hanami\/wp-content\/uploads\/2012\/04\/012_kirsikat_vesamakinen1.jpg'><img loading=\"lazy\" decoding=\"async\" width=\"150\" height=\"150\" src=\"https:\/\/www.roihuvuori.fi\/hanami\/wp-content\/uploads\/2012\/04\/012_kirsikat_vesamakinen1-150x150.jpg\" class=\"attachment-thumbnail size-thumbnail\" alt=\"\" \/><\/a><\/dt>\n\t\t\t\t\t\t<dd class='gallery-caption'>Kirsikankukkien kuvaajat ovat saapuneet 16.5.<\/dd>\n\t\t\t\t\t<\/dl>\n\t\t\t\t\t<dl class='gallery-item col-3'>\n\t\t\t\t\t\t<dt class='gallery-icon'><a title=\"17.5. ja kukinta vasta aluillaan.\" href='https:\/\/www.roihuvuori.fi\/hanami\/wp-content\/uploads\/2012\/04\/011b_kirsikat_vesamakinen1.jpg'><img loading=\"lazy\" decoding=\"async\" width=\"150\" height=\"150\" src=\"https:\/\/www.roihuvuori.fi\/hanami\/wp-content\/uploads\/2012\/04\/011b_kirsikat_vesamakinen1-150x150.jpg\" class=\"attachment-thumbnail size-thumbnail\" alt=\"\" \/><\/a><\/dt>\n\t\t\t\t\t\t<dd class='gallery-caption'>17.5. ja kukinta vasta aluillaan.<\/dd>\n\t\t\t\t\t<\/dl>\n\t\t\t\t<\/div>\n\t\t\t\t<div class='gallery-row gallery-clear'>\n\t\t\t\t\t<dl class='gallery-item col-3'>\n\t\t\t\t\t\t<dt class='gallery-icon'><a title=\"17.5.\" href='https:\/\/www.roihuvuori.fi\/hanami\/wp-content\/uploads\/2012\/04\/13_kirsikka_vesamakinen1.jpg'><img loading=\"lazy\" decoding=\"async\" width=\"150\" height=\"150\" src=\"https:\/\/www.roihuvuori.fi\/hanami\/wp-content\/uploads\/2012\/04\/13_kirsikka_vesamakinen1-150x150.jpg\" class=\"attachment-thumbnail size-thumbnail\" alt=\"\" \/><\/a><\/dt>\n\t\t\t\t\t\t<dd class='gallery-caption'>17.5.<\/dd>\n\t\t\t\t\t<\/dl>\n\t\t\t\t\t<dl class='gallery-item col-3'>\n\t\t\t\t\t\t<dt class='gallery-icon'><a title=\"19.5.\" href='https:\/\/www.roihuvuori.fi\/hanami\/wp-content\/uploads\/2012\/04\/012b_kirsikat_vesamakinen.jpg'><img loading=\"lazy\" decoding=\"async\" width=\"150\" height=\"150\" src=\"https:\/\/www.roihuvuori.fi\/hanami\/wp-content\/uploads\/2012\/04\/012b_kirsikat_vesamakinen-150x150.jpg\" class=\"attachment-thumbnail size-thumbnail\" alt=\"\" \/><\/a><\/dt>\n\t\t\t\t\t\t<dd class='gallery-caption'>19.5.<\/dd>\n\t\t\t\t\t<\/dl>\n\t\t\t\t\t<dl class='gallery-item col-3'>\n\t\t\t\t\t\t<dt class='gallery-icon'><a title=\"19.5. paikalla muitakin kukista kiinnostuneita.\" href='https:\/\/www.roihuvuori.fi\/hanami\/wp-content\/uploads\/2012\/04\/013b_kirsikat_vesamakinen.jpg'><img loading=\"lazy\" decoding=\"async\" width=\"150\" height=\"150\" src=\"https:\/\/www.roihuvuori.fi\/hanami\/wp-content\/uploads\/2012\/04\/013b_kirsikat_vesamakinen-150x150.jpg\" class=\"attachment-thumbnail size-thumbnail\" alt=\"\" \/><\/a><\/dt>\n\t\t\t\t\t\t<dd class='gallery-caption'>19.5. paikalla muitakin kukista kiinnostuneita.<\/dd>\n\t\t\t\t\t<\/dl>\n\t\t\t\t<\/div>\n\t\t\t\t<div class='gallery-row gallery-clear'>\n\t\t\t\t\t<dl class='gallery-item col-3'>\n\t\t\t\t\t\t<dt class='gallery-icon'><a title=\"20.5. helle jatkuu.\" href='https:\/\/www.roihuvuori.fi\/hanami\/wp-content\/uploads\/2012\/04\/014_kirsikka_vesa_makinen.jpg'><img loading=\"lazy\" decoding=\"async\" width=\"150\" height=\"150\" src=\"https:\/\/www.roihuvuori.fi\/hanami\/wp-content\/uploads\/2012\/04\/014_kirsikka_vesa_makinen-150x150.jpg\" class=\"attachment-thumbnail size-thumbnail\" alt=\"\" \/><\/a><\/dt>\n\t\t\t\t\t\t<dd class='gallery-caption'>20.5. helle jatkuu.<\/dd>\n\t\t\t\t\t<\/dl>\n\t\t\t\t\t<dl class='gallery-item col-3'>\n\t\t\t\t\t\t<dt class='gallery-icon'><a title=\"22.5 pitk\u00e4\u00e4n jatkunut helle saa kukat tipahtamaan jo viikon kukinnan j\u00e4lkeen.  Edellisen\u00e4 vuonna kukinta kesti kaksi viikkoa.\" href='https:\/\/www.roihuvuori.fi\/hanami\/wp-content\/uploads\/2012\/04\/015_kirsikka_vesamakinen.jpg'><img loading=\"lazy\" decoding=\"async\" width=\"150\" height=\"150\" src=\"https:\/\/www.roihuvuori.fi\/hanami\/wp-content\/uploads\/2012\/04\/015_kirsikka_vesamakinen-150x150.jpg\" class=\"attachment-thumbnail size-thumbnail\" alt=\"\" \/><\/a><\/dt>\n\t\t\t\t\t\t<dd class='gallery-caption'>22.5 pitk\u00e4\u00e4n jatkunut helle saa kukat tipahtamaan jo viikon kukinnan j\u00e4lkeen.  Edellisen\u00e4 vuonna kukinta kesti kaksi viikkoa.<\/dd>\n\t\t\t\t\t<\/dl>\n\t\t\t<\/div>\n\t\t\t<\/div><!-- .gallery -->\n\n","protected":false},"excerpt":{"rendered":"<p>Vuoden 2010 kukinnan kuvaajana oli valokuvaaja Vesa M\u00e4kinen. Kukinta alkoi 15.5. ja p\u00e4\u00e4ttyi 22.5.<\/p>\n","protected":false},"author":1,"featured_media":0,"parent":4896,"menu_order":0,"comment_status":"open","ping_status":"closed","template":"page-kukinta.php","meta":{"_acf_changed":false,"footnotes":""},"class_list":["post-32","page","type-page","status-publish","hentry"],"acf":[],"_links":{"self":[{"href":"https:\/\/www.roihuvuori.fi\/hanami\/wp-json\/wp\/v2\/pages\/32","targetHints":{"allow":["GET"]}}],"collection":[{"href":"https:\/\/www.roihuvuori.fi\/hanami\/wp-json\/wp\/v2\/pages"}],"about":[{"href":"https:\/\/www.roihuvuori.fi\/hanami\/wp-json\/wp\/v2\/types\/page"}],"author":[{"embeddable":true,"href":"https:\/\/www.roihuvuori.fi\/hanami\/wp-json\/wp\/v2\/users\/1"}],"replies":[{"embeddable":true,"href":"https:\/\/www.roihuvuori.fi\/hanami\/wp-json\/wp\/v2\/comments?post=32"}],"version-history":[{"count":5,"href":"https:\/\/www.roihuvuori.fi\/hanami\/wp-json\/wp\/v2\/pages\/32\/revisions"}],"predecessor-version":[{"id":1404,"href":"https:\/\/www.roihuvuori.fi\/hanami\/wp-json\/wp\/v2\/pages\/32\/revisions\/1404"}],"up":[{"embeddable":true,"href":"https:\/\/www.roihuvuori.fi\/hanami\/wp-json\/wp\/v2\/pages\/4896"}],"wp:attachment":[{"href":"https:\/\/www.roihuvuori.fi\/hanami\/wp-json\/wp\/v2\/media?parent=32"}],"curies":[{"name":"wp","href":"https:\/\/api.w.org\/{rel}","templated":true}]}}