{"id":2370,"date":"2016-04-27T08:47:53","date_gmt":"2016-04-27T06:47:53","guid":{"rendered":"http:\/\/www.roihuvuori.fi\/hanami\/?page_id=2370"},"modified":"2026-04-15T13:46:45","modified_gmt":"2026-04-15T11:46:45","slug":"ohelma","status":"publish","type":"page","link":"https:\/\/www.roihuvuori.fi\/hanami\/ohelma\/","title":{"rendered":"HANAMI-JUHLAN OHJELMA"},"content":{"rendered":"<div class=\"page\" title=\"Page 1\">\n<div class=\"column\">\n<h1>2026 ohjelmaa ei viel\u00e4 julkaistu<\/h1>\n<hr \/>\n<h2>Hanami 2025 \u2013 Ohjelma<\/h2>\n<p><img loading=\"lazy\" decoding=\"async\" class=\"alignnone size-full wp-image-4370\" src=\"https:\/\/www.roihuvuori.fi\/hanami\/wp-content\/uploads\/2023\/05\/hanami23kansikuva2.jpg\" alt=\"\" width=\"1025\" height=\"536\" srcset=\"https:\/\/www.roihuvuori.fi\/hanami\/wp-content\/uploads\/2023\/05\/hanami23kansikuva2.jpg 1025w, https:\/\/www.roihuvuori.fi\/hanami\/wp-content\/uploads\/2023\/05\/hanami23kansikuva2-300x157.jpg 300w, https:\/\/www.roihuvuori.fi\/hanami\/wp-content\/uploads\/2023\/05\/hanami23kansikuva2-621x325.jpg 621w, https:\/\/www.roihuvuori.fi\/hanami\/wp-content\/uploads\/2023\/05\/hanami23kansikuva2-768x402.jpg 768w\" sizes=\"auto, (max-width: 1025px) 100vw, 1025px\" \/><\/p>\n<p>Ohjelma p\u00e4ivitetty 3.5.2025 Muutokset mahdollisia.<\/p>\n<p><a href=\"https:\/\/www.roihuvuori.fi\/hanami\/wp-content\/uploads\/2025\/05\/03052025-hanamiohjelma2025.pdf\" target=\"_blank\" rel=\"noopener\">Ladattava ja tulostettava ohjelma pdf tiedostona t\u00e4st\u00e4<\/a><\/p>\n<h2>Roihuvuoren Hanamijuhla<br \/>\nlauantai 10.5.2025<br \/>\nRoihuvuori Hanami Festival \u2013 Saturday May 10 th, 2025<br \/>\n\u30ed\u30a4\u30d5\u30a6\u3099\u30aa\u30ea\u5354\u4f1a\u306e\u82b1\u898b\u5927\u4f1a \u30fc 2025\u5e745\u670810\u65e5(\u65e5)<\/h2>\n<p>Roihuvuoren Kirsikkapuisto, Sahaajankadun ja Abraham Wetterin tien kulma<\/p>\n<\/div>\n<p>Tapahtuma-alueen kartta sivun lopussa.<\/p>\n<\/div>\n<div class=\"page\" title=\"Page 3\">\n<h2>P\u00e4\u00e4lava<\/h2>\n<p><strong>12.00\u00a0 \u00a0Roihuvuoren Hanami 2025 avajaiset<\/strong> &#8211; Roihuvuori Hanami 2025 Commences &#8211; \u30ed\u30a4\u30d5\u30f4\u30aa\u30ea\u82b1\u898b\u5927\u4f1a\uff12\uff10\uff12\uff15\u5e74\u958b\u50ac<br \/>\n\u2022 Sami Keto | Roihuvuori-Seuran puheenjohtaja Roihuvuori Society Chairman | \u30ed\u30a4\u30d5\u30f4\u30aa\u30ea\u5354\u4f1a\u4f1a\u9577\u30b5\u30df\u30fb\u30b1\u30c8<br \/>\n\u2022 Norio Tomida | Kirsikkapuiston is\u00e4 | Father of the Cherry Blossom Park | \u685c\u516c\u5712\u8a2d\u7acb\u306e\u767a\u8d77\u4eba\u51a8\u7530\u61b2\u7537<br \/>\n\u2022 Julia Lehtinen | Suomen Kirsikkakukkakuningatar | Finnish Cherry Blossom Queen | \u30d5\u30a3\u30f3\u30e9\u30f3\u30c9\u685c\u306e\u5973\u738b\u30e6\u30ea\u30a2\u30fb\u30ec\u30d5\u30c6\u30a3\u30cd\u30f3<br \/>\n\u2022 Japanin Suurl\u00e4hetyst\u00f6n edustaja | Representative of the Embassy of Japan in Finland | \u5728\u30d5\u30a3\u30f3\u30e9\u30f3\u30c9\u65e5\u672c\u56fd\u5927\u4f7f\u9928\u4ee3\u8868<\/p>\n<p><strong>12.15\u00a0 \u00a0 Suomen Kirsikankukkakuningatar ja -prinsessa<\/strong><br \/>\n\u2022 Finnish Cherry Blossom Queen and Princess | \u30d5\u30a3\u30f3\u30e9\u30f3\u30c9\u685c\u306e\u5973\u738b\u3084\u30d7\u30ea\u30f3\u30bb\u30b9<br \/>\nVuoden 2025 Kirsikankukkaprinsessa julkaistaan | Suomen Kirsikankukkakuningatar 2025\u00a0 Viivi Kankaanp\u00e4\u00e4 kruunataan<\/p>\n<p><strong>12.25\u00a0 Parapara -tanssiesitys<\/strong>, Helsinki Circle | Parapara dance performance |\u00a0 \u30d1\u30e9\u30d1\u30e9\u6f14\u821e<\/p>\n<p><strong>12.50\u00a0Yukina Yamamoto &amp; Jin Oh<\/strong> &#8211; \u5c71\u672c\u5e78\u5948 &amp; Jin Oh<br \/>\n\u6727\u6708\u82b1\u5f71\uff08oboroduki-hanakage) \u2013 <strong>Japanilaista kalligrafiaa &amp; guqin soittoa<\/strong> | Japanese Calligraphy &amp; Guqin Live perforamance | \u66f8\u9053 &amp; \u53e4\u7434 \u30d1\u30d5\u30a9\u30fc\u30de\u30f3\u30b9<\/p>\n<p><strong>13:20 Tsugaru Shamisen \u2013 Zuiko<\/strong>, musiikkia\u00a0 | music performance<\/p>\n<p><strong>13.50 Ken Mai &#8211; Butoh<\/strong> &#8211; \u821e\u8e0f | Butoh tanssiesitys \u2019Dance of Spring\u2019 | \u30b1\u30f3\u30fb\u30de\u30a4\u2003\u821e\u8e0f\u5b9f\u6f14\u300c\u6625\u306e\u821e\u300d\u00a0\u00a0 (kenmaibutoh.blogspot.com)<\/p>\n<p><strong>14.10\u00a0 \u00a0Dragon live painting performance and Japanese dance performances<br \/>\n<\/strong>BON DANCE festival by Shihomi, Ayumi, Mari<br \/>\n\u2fd3\u30e9\u30a4\u30d6\u66f8\u9053\u3084\u548c\u2fb5\u8e0a\u308a\u3001\u76c6\u8e0a\u308aby\u3057\u307b\u307f\u3001\u3042\u3086\u307f\u3001\u307e\u308a<\/p>\n<p><strong>15.10\u00a0 Japanilaisen koulun kuoroesitys<\/strong> | Japanese School\u2019s Choir | \u30d8\u30eb\u30b7\u30f3\u30ad\u88dc\u7fd2\u6821\u306e\u5408\u5531\u56e3,<br \/>\nKappaleet Sakura Sakura ja Sampo (elokuvasta Naapurini Totoro)<\/p>\n<p><strong>15.30\u00a0 Hutera Dance Company<\/strong> | V\u00e4lke | Glimmer | Performance by the stream |<br \/>\n\u30d1\u30d5\u30a9\u30fc\u30de\u30f3\u30b9\u306f\u5c0f\u5ddd\u306e\u4ed8\u8fd1\u00a0\u00a0\u00a0\u00a0\u00a0\u00a0\u00a0\u00a0\u00a0\u00a0\u00a0 \u00a0\u00a0\u00a0\u00a0<strong>\u00a0\u00a0\u00a0HUOM! Esitys purolla<\/strong><\/p>\n<p><strong>15.50\u00a0 \u00a0Pukukilpailu<\/strong> | Costume Contest | \u30b3\u30b9\u30c1\u30e5\u30fc\u30e0\u30fb\u30b3\u30f3\u30c6\u30b9\u30c8<\/p>\n<p><strong>16.20\u00a0 \u00a0Koto-musiikkia, Minni Immonen<\/strong> | Koto instument performance | \u7434<\/p>\n<p><strong>16.40\u00a0 \u00a0 Satoyama Trio<\/strong> | Iro Haarla: Zheng | Ulf Krokfors: Kontrabasso | Aniida Vesala: ly\u00f6m\u00e4soittimet. Konsertissa kuvailemme musiikillamme omalla tavallamme Satoyama-maisemaa; kyli\u00e4, puroja, vuoria ja niit\u00e4 ymp\u00e4r\u00f6ivi\u00e4 peltoja, joissa vallitsee sopusointu ja rauha. Iro Haarlan Taiwanista hankkima voimakas sointinen, 21-kielinen kiinalainen kielisoitin Zheng, (uudempi nimi GuZheng) yhdistettyn\u00e4 Aniida Vesalan luomaan v\u00e4rikk\u00e4\u00e4seen ly\u00f6m\u00e4soitinmaailmaan antaa kuulijalle mahdollisuuden uppoutua hetkeksi \u201dSatoyama\u201d-tunnelmaan.<\/p>\n<p><strong>17.25\u00a0 \u00a0 Butoh tanssiesitys<\/strong> | Butoh Dance Performance | \u821e\u8e0f\u5b9f\u6f14| \u201dKuivan laakson saloista\u201d | Santeri Vikstr\u00f6m<\/p>\n<p>&#8212;&#8212;&#8212;&#8212;&#8212;&#8212;&#8212;&#8212;&#8212;&#8212;&#8212;&#8212;&#8212;<\/p>\n<p><strong>12\u201318\u00a0 \u00a0DJ \u4e92\u3044 Tagai<\/strong> soittaa kaikenlaista piknikille sopivaa japanilaista musiikkia, 70-luvulta nykyp\u00e4iv\u00e4\u00e4n genrerajoista piittaamatta.<br \/>\nH\u00e4nt\u00e4 kuullaan ohjelmien v\u00e4liss\u00e4, sek\u00e4 niiden j\u00e4lkeen. | Japanese music suitable for a picnic from the 70\u2019s to current.<br \/>\nBetween performances and afterwards.\u00a0 | \u00a0\u00a0\u30d4\u30af\u30cb\u30c3\u30af\u306b\u5408\u3046\u2f47\u672c\u306e\u2fb3\u697d\u30fc\uff17\uff10\u5e74\u4ee3\u304b\u3089\u73fe\u4ee3\u307e\u3067\u3002<\/p>\n<p>&#8212;&#8212;&#8212;&#8212;&#8212;&#8212;&#8212;&#8212;&#8212;&#8212;&#8212;&#8212;&#8212;-<\/p>\n<h2>Budolava<\/h2>\n<p><strong>12.20\u00a0 Yatagarasu<\/strong> | Aikido (Aikikai), Iaido, Qigong | \u5408\u6c17\u9053\uff08\u5408\u6c17\u4f1a\uff09\u3001\u5c45\u5408\u9053\u3001\u6c17\u529f | yatagarasu.\ufb01<\/p>\n<p><strong>13.30\u00a0 Genbukai<\/strong> | Kokusai Shorinjiryu Karatedo &amp; Shorinjiryu Ryukyu Kobujutsu | Muso Jikiden Eishinryu Iaiheiho |<br \/>\nNihon Koryu Bujutsu Mugenryu Heiho<\/p>\n<p><strong>14.10\u00a0 \u00a0Kyudo-jousiammunta<\/strong> &#8211; archery &#8211; \u5f13\u9053| Hikari ry:n kyudo esitys lavalla | Kyudo presentation on stage |<br \/>\n\u30b9\u30c6\u30fc\u30b8\u4e0a\u306e\u5f13\u9053\u5b9f\u6f14<\/p>\n<p><strong>15.10\u00a0 \u00a0Ki-Ken-Tai-Icchi Ry<\/strong> (KKTI) | Kendo, iaido, jodo, naginata esityksi\u00e4 | Kendo, Iaido, Jodo and Naginata Performances |<br \/>\n\u5263\u9053\u3001\u5c45\u5408\u9053\u3001\u6756\u9053\u3001\u53ca\u3073\u9577\u5200\u306e\u5b9f\u6f14<\/p>\n<p><strong>16.20\u00a0 \u00a0Seibukan | Okinawa Shorin ryu Seibukan karate<\/strong>, Matayoshi kobudo Shinbukai |<br \/>\n\u6c96\u7e04\u5c11\u6797\u6d41\u8056\u6b66\u9928\u7a7a\u624b\u9053\u3001\u53c8\u5409\u53e4\u6b66\u9053\u771e\u6b66\u4f1a<\/p>\n<p><strong>16.50\u00a0 Hikari | Muso Shinden ryu iaido, <\/strong>Mugai ryu iaido, Shindo Muso ryu jodo, Niten Ichi ryu kenjutsu | \u5c45\u5408\u9053\u3001\u6756\u9053\u3001 \u5263\u8853 hikari.fi<\/p>\n<p><strong>12\u201318\u00a0 \u00a0Budo Teltta<\/strong> | Budo Tent Budo lajien edustajat esittelev\u00e4t toimintaansa | Representatives of budo groups provide info on their activities<\/p>\n<p><strong>12\u201315\u00a0 \u00a0Japan Airlines | Ohjelmaa lapsille ja tietovisa\u00a0<\/strong> |<br \/>\nChildren\u2019s attractions, including coloring paper Nurie\/\u306c\u308a\u3048.\u00a0 Visitors can win some small prizes by answering JAL quiz questions!<\/p>\n<p><strong>12\u201318 Japanilaisen kulttuurin yst\u00e4v\u00e4t ry | Kalligra\ufb01an esittely\u00e4.<\/strong><br \/>\nJapanilaisen kulttuurin yst\u00e4v\u00e4t ry:ll\u00e4 on n\u00e4yttely 3.-30.5.2024 Roihuvuoren seniorikeskuksessa, Punahilkantie 16, avoinna ma-pe 8-18. (Ei hanamip\u00e4iv\u00e4n\u00e4). Esill\u00e4 antiikkista teatteriesineist\u00f6\u00e4, koriste-esineit\u00e4, leikkikaluja, perinteisi\u00e4 korimaljakoita ja muuta ikebana-esineist\u00f6\u00e4,iaido-miekkoja.<\/p>\n<p><strong>12\u201318\u00a0 Sogetsu Ikebana<\/strong>\u00a0 Suomen Sogetsu-ikebana ry:n ikebana demonstraatio<\/p>\n<p><strong>12\u201318\u00a0 Suomalais-Japanilainen Yhdistys<\/strong> | SJY:n toiminnan esittely\u00e4 ja Japani neuvontaa<\/p>\n<p><strong>12\u201317\u00a0 Urasenke\u00a0 \u00a0 <\/strong>Suomen Chado Urasenke Tankokai yhdistys ry. esittelee perinteist\u00e4 japanilaista chad\u014d teetaidetta. Perinteisesti teet\u00e4 valmistetaan tatamimatolla polvistuen, mutta Hanamissa k\u00e4yt\u00f6ss\u00e4 on teen valmistamiseen suunniteltu Washindana-p\u00f6yt\u00e4. Tervetuloa seuraamaan n\u00e4yt\u00f6ksi\u00e4!<\/p>\n<h2>Yleinen<\/h2>\n<p><strong>12.30-17.30\u00a0 Tietovisa<\/strong> | Quiz | \u30af\u30a4\u30ba| Tietovisasta ja sen kestosta tiedotetaan lavalla | The Quiz will be announced from the stage.<br \/>\n\u30af\u30a4\u30ba\u306e\u7d39\u4ecb<\/p>\n<hr \/>\n<\/div>\n<div class=\"page\" title=\"Page 5\">\n<table>\n<tbody>\n<tr>\n<td><\/td>\n<\/tr>\n<tr>\n<td><\/td>\n<\/tr>\n<tr>\n<td>\n<div class=\"layoutArea\">\n<div class=\"column\">\n<h2><strong>Yo\u0308hanami \u2013 Yozakura 7.\u20139.5.2025<\/strong><\/h2>\n<p><strong>keskiviikko 7.5. ja torstai 8.5. klo 22-02\u00a0<\/strong> (Japanilaistyylinen puutarha ja Kirsikkapuisto)<br \/>\n<strong>perjantai 9.5. klo 22-02<\/strong> (Japanilaistyylinen puutarha)<br \/>\n<strong>8.5. \u2014 Yozakura klubi<\/strong> (Hard Rock House Roihuvuorentie 1) liput 10\u20ac + narikka klo 19 Serita klo 20<br \/>\nTataki klo 21 DJ Kamikaze<br \/>\n<strong>HUOM! EI LAUANTAINA<\/strong><\/p>\n<hr \/>\n<\/div>\n<\/div>\n<\/td>\n<\/tr>\n<tr>\n<td>\n<h2>Japani Viikko 2025<\/h2>\n<p><strong>3.\u201311.5.2025<\/strong><br \/>\n<a href=\"https:\/\/www.japaniviikko.fi\" target=\"_blank\" rel=\"noopener\">https:\/\/www.japaniviikko.fi<\/a><br \/>\nInstagramissa @japaniviikko<br \/>\njapanilaisiin tuotteisiin, kulttuuriin ja ruokiin erikoistuneet liikkeet ja toimijat j\u00e4rjest\u00e4v\u00e4t omia tapahtumia ja<br \/>\nkampanjoita| A special week-long celebration of Japanese culture, food, crafts, and experiences<\/td>\n<\/tr>\n<\/tbody>\n<\/table>\n<p><img loading=\"lazy\" decoding=\"async\" class=\"alignnone wp-image-5471 size-full\" src=\"https:\/\/www.roihuvuori.fi\/hanami\/wp-content\/uploads\/2025\/05\/Hanami2025_ALUEKARTTA.png\" alt=\"\" width=\"717\" height=\"1024\" srcset=\"https:\/\/www.roihuvuori.fi\/hanami\/wp-content\/uploads\/2025\/05\/Hanami2025_ALUEKARTTA.png 717w, https:\/\/www.roihuvuori.fi\/hanami\/wp-content\/uploads\/2025\/05\/Hanami2025_ALUEKARTTA-210x300.png 210w\" sizes=\"auto, (max-width: 717px) 100vw, 717px\" \/><\/p>\n<\/div>\n<p>&nbsp;<\/p>\n<p><strong><a href=\"https:\/\/www.roihuvuori.fi\/hanami\/wp-content\/uploads\/2025\/05\/Hanami2025_ALUEKARTTArgbvareilla.pdf\" target=\"_blank\" rel=\"noopener\">T\u00e4st\u00e4 ladattava tarkempi kartta pdf-tiedostona<\/a><\/strong><\/p>\n<p>&nbsp;<\/p>\n","protected":false},"excerpt":{"rendered":"<p>2026 ohjelmaa ei viel\u00e4 julkaistu Hanami 2025 \u2013 Ohjelma Ohjelma p\u00e4ivitetty 3.5.2025 Muutokset mahdollisia. Ladattava ja tulostettava ohjelma pdf tiedostona t\u00e4st\u00e4 Roihuvuoren Hanamijuhla lauantai 10.5.2025 Roihuvuori Hanami Festival \u2013 Saturday May 10 th, 2025 \u30ed\u30a4\u30d5\u30a6\u3099\u30aa\u30ea\u5354\u4f1a\u306e\u82b1\u898b\u5927\u4f1a \u30fc 2025\u5e745\u670810\u65e5(\u65e5) Roihuvuoren Kirsikkapuisto, Sahaajankadun&#8230;<\/p>\n","protected":false},"author":1,"featured_media":4371,"parent":0,"menu_order":4,"comment_status":"closed","ping_status":"closed","template":"","meta":{"footnotes":""},"class_list":["post-2370","page","type-page","status-publish","has-post-thumbnail","hentry"],"_links":{"self":[{"href":"https:\/\/www.roihuvuori.fi\/hanami\/wp-json\/wp\/v2\/pages\/2370","targetHints":{"allow":["GET"]}}],"collection":[{"href":"https:\/\/www.roihuvuori.fi\/hanami\/wp-json\/wp\/v2\/pages"}],"about":[{"href":"https:\/\/www.roihuvuori.fi\/hanami\/wp-json\/wp\/v2\/types\/page"}],"author":[{"embeddable":true,"href":"https:\/\/www.roihuvuori.fi\/hanami\/wp-json\/wp\/v2\/users\/1"}],"replies":[{"embeddable":true,"href":"https:\/\/www.roihuvuori.fi\/hanami\/wp-json\/wp\/v2\/comments?post=2370"}],"version-history":[{"count":8,"href":"https:\/\/www.roihuvuori.fi\/hanami\/wp-json\/wp\/v2\/pages\/2370\/revisions"}],"predecessor-version":[{"id":5594,"href":"https:\/\/www.roihuvuori.fi\/hanami\/wp-json\/wp\/v2\/pages\/2370\/revisions\/5594"}],"wp:featuredmedia":[{"embeddable":true,"href":"https:\/\/www.roihuvuori.fi\/hanami\/wp-json\/wp\/v2\/media\/4371"}],"wp:attachment":[{"href":"https:\/\/www.roihuvuori.fi\/hanami\/wp-json\/wp\/v2\/media?parent=2370"}],"curies":[{"name":"wp","href":"https:\/\/api.w.org\/{rel}","templated":true}]}}