{"id":2341,"date":"2016-04-19T20:05:01","date_gmt":"2016-04-19T18:05:01","guid":{"rendered":"http:\/\/www.roihuvuori.fi\/hanami\/?page_id=2341"},"modified":"2025-05-04T15:36:08","modified_gmt":"2025-05-04T13:36:08","slug":"pekka-makela","status":"publish","type":"page","link":"https:\/\/www.roihuvuori.fi\/hanami\/kirsikankukinta\/kirsikankukinta-2016\/pekka-makela\/","title":{"rendered":"2016 kirsikankukinnan kuvaaja Pekka M\u00e4kel\u00e4"},"content":{"rendered":"<h2>Ahkeruus palkitaan<\/h2>\n<p><em>Teksti: Jani Marjanen Kuva: Jussi Lahti<\/em><\/p>\n<div id=\"attachment_2343\" style=\"width: 235px\" class=\"wp-caption alignleft\"><a href=\"http:\/\/www.roihuvuori.fi\/hanami\/wp-content\/uploads\/2016\/04\/pekka_makela_2.jpg\" rel=\"attachment wp-att-2343\"><img loading=\"lazy\" decoding=\"async\" aria-describedby=\"caption-attachment-2343\" class=\"wp-image-2343 size-medium\" src=\"http:\/\/www.roihuvuori.fi\/hanami\/wp-content\/uploads\/2016\/04\/pekka_makela_2-225x300.jpg\" alt=\"Pekka M\u00e4kel\u00e4\" width=\"225\" height=\"300\" srcset=\"https:\/\/www.roihuvuori.fi\/hanami\/wp-content\/uploads\/2016\/04\/pekka_makela_2-225x300.jpg 225w, https:\/\/www.roihuvuori.fi\/hanami\/wp-content\/uploads\/2016\/04\/pekka_makela_2.jpg 621w\" sizes=\"auto, (max-width: 225px) 100vw, 225px\" \/><\/a><p id=\"caption-attachment-2343\" class=\"wp-caption-text\">Pekka M\u00e4kel\u00e4<\/p><\/div>\n<p>Vuosittain valitaan paikallinen kuvaaja dokumentoimaan Kirsikkapuiston kukintaa. T\u00e4n\u00e4 vuonna vuorossa on Roihuvuoressa asuva Pekka M\u00e4kel\u00e4.<\/p>\n<p>\u201dOnni on ahkeran kaveri. Ei niit\u00e4 kuvia kukaan kiikkustuoliin tuo\u201d, siteeraa Pekka M\u00e4kel\u00e4 kuvaajakollegaansa.<\/p>\n<p>Jotta kuvista tulisi mielenkiintoisia, ei riit\u00e4, ett\u00e4 kuvaaja tiet\u00e4\u00e4 mit\u00e4 tekee. Pit\u00e4\u00e4 my\u00f6s voida tallentaa jotain dramaattista tai koomista, mik\u00e4 nousee esille juuri siin\u00e4 hetkess\u00e4. T\u00e4ytyy olla liikkeell\u00e4 usein ja kuvata paljon.<\/p>\n<p>\u201dVuosittain tulee noin kymmenen todella hyv\u00e4\u00e4 kuvaa\u201d, M\u00e4kel\u00e4 kertoo.<\/p>\n<p>M\u00e4kel\u00e4 tiet\u00e4\u00e4 t\u00e4m\u00e4n, koska h\u00e4n on kuvannut jo 60 vuoden ajan. Jo lapsuudenkodissa Kangasalla oli k\u00e4yt\u00f6ss\u00e4 laatikkokamera. My\u00f6hemmin M\u00e4kel\u00e4 siirtyi valokuvausliikkeeseen t\u00f6ihin. H\u00e4n on myynyt kameroita, kuvannut h\u00e4it\u00e4 ja hautajaisia sek\u00e4 dokumentoinut vanhoja valokuvia museossa. T\u00e4n\u00e4 aikana valokuvaaminen on muuttunut paljon.<\/p>\n<p>\u201dJos olisin 1970-luvulla tiennyt, ett\u00e4 el\u00e4kkeell\u00e4 on varaa kuvata viisi rullaa v\u00e4rikuvia p\u00e4iv\u00e4ss\u00e4, olisin varmaan tullut hulluksi\u201d, M\u00e4kel\u00e4 kertoo ja toteaa valokuvien paljouden muuttaneen suhdetta niihin. Itse h\u00e4n pyrkii ottamaan kuvat mahdollisimman valmiiksi yhdell\u00e4 kerralla.<\/p>\n<p>\u201dSelk\u00e4 ei kest\u00e4 pitk\u00e4\u00e4 editointia tietokoneella!\u201d<\/p>\n<p>Pisimp\u00e4\u00e4n M\u00e4kel\u00e4 oli Oulussa Foto-Nyblinill\u00e4 t\u00f6iss\u00e4. Silloin h\u00e4n my\u00f6s tutustui luontokuvaajiin. Itse h\u00e4n alkoi kuvata luontoaiheita siirrytty\u00e4\u00e4n el\u00e4kkeelle ja muutettuaan Roihuvuoreen kahdeksan vuotta sitten. T\u00e4rke\u00e4 kuvausreitti on Str\u00f6msinlahden ja Tammisalon kanavan viert\u00e4 kulkeva polku.<\/p>\n<p>M\u00e4kel\u00e4n kuvat ovatkin tunnettuja roihuvuorelaisten parissa, sill\u00e4 h\u00e4n lis\u00e4\u00e4 Facebookin Roihuvuori-ryhm\u00e4\u00e4n kuvia graffiteista, linnuista sek\u00e4 erityisist\u00e4 paikallisista kohteista. H\u00e4nen kuviaan julkaistaan s\u00e4\u00e4nn\u00f6llisesti my\u00f6s paikallislehdiss\u00e4.<\/p>\n<p>Lintuja kuvanneelle M\u00e4kel\u00e4lle kirsikankukinta on haaste. H\u00e4n on aloittanut puistossa kuvaamisen jo maaliskuussa, vaikka nuppuja ei viel\u00e4 ole. Kun kukinta l\u00e4hestyy, aikoo M\u00e4kel\u00e4 kuvata p\u00e4ivitt\u00e4in.<\/p>\n<p>\u201dAlitajuisesti tulee sitten se idea, miten erottaudun aikaisemmista kuvaajista. Yksi mahdollisuus on leikki\u00e4 et\u00e4isyyksill\u00e4 kukista\u201d, h\u00e4n pohtii.<\/p>\n<p><em>Pekka M\u00e4kel\u00e4n tallentamia luontokuvia on usein n\u00e4ht\u00e4v\u00e4n\u00e4 Roihuvuori-facebookryhm\u00e4ss\u00e4. Kannattaa katsastaa!<\/em><\/p>\n<p><a href=\"http:\/\/www.roihuvuori.fi\/hanami\/kirsikankukinta\/\">Katso vuoden 2016 kukintakuvat!<\/a><\/p>\n","protected":false},"excerpt":{"rendered":"<p>Ahkeruus palkitaan Teksti: Jani Marjanen Kuva: Jussi Lahti Vuosittain valitaan paikallinen kuvaaja dokumentoimaan Kirsikkapuiston kukintaa. T\u00e4n\u00e4 vuonna vuorossa on Roihuvuoressa asuva Pekka M\u00e4kel\u00e4. \u201dOnni on ahkeran kaveri. Ei niit\u00e4 kuvia kukaan kiikkustuoliin tuo\u201d, siteeraa Pekka M\u00e4kel\u00e4 kuvaajakollegaansa. Jotta kuvista tulisi&#8230;<\/p>\n","protected":false},"author":1,"featured_media":0,"parent":2283,"menu_order":0,"comment_status":"closed","ping_status":"closed","template":"","meta":{"_acf_changed":false,"footnotes":""},"class_list":["post-2341","page","type-page","status-publish","hentry"],"acf":[],"_links":{"self":[{"href":"https:\/\/www.roihuvuori.fi\/hanami\/wp-json\/wp\/v2\/pages\/2341","targetHints":{"allow":["GET"]}}],"collection":[{"href":"https:\/\/www.roihuvuori.fi\/hanami\/wp-json\/wp\/v2\/pages"}],"about":[{"href":"https:\/\/www.roihuvuori.fi\/hanami\/wp-json\/wp\/v2\/types\/page"}],"author":[{"embeddable":true,"href":"https:\/\/www.roihuvuori.fi\/hanami\/wp-json\/wp\/v2\/users\/1"}],"replies":[{"embeddable":true,"href":"https:\/\/www.roihuvuori.fi\/hanami\/wp-json\/wp\/v2\/comments?post=2341"}],"version-history":[{"count":5,"href":"https:\/\/www.roihuvuori.fi\/hanami\/wp-json\/wp\/v2\/pages\/2341\/revisions"}],"predecessor-version":[{"id":2529,"href":"https:\/\/www.roihuvuori.fi\/hanami\/wp-json\/wp\/v2\/pages\/2341\/revisions\/2529"}],"up":[{"embeddable":true,"href":"https:\/\/www.roihuvuori.fi\/hanami\/wp-json\/wp\/v2\/pages\/2283"}],"wp:attachment":[{"href":"https:\/\/www.roihuvuori.fi\/hanami\/wp-json\/wp\/v2\/media?parent=2341"}],"curies":[{"name":"wp","href":"https:\/\/api.w.org\/{rel}","templated":true}]}}